. Let n(j) = 3*j - 2*j + 2 + k. What is n(-3)?
1
Let t(v) = -v**3 + 6*v**2 + v - 7. Suppose u - 5*u + 104 = -3*m, -5*u - 3*m + 103 = 0. Let i = u + -17. Determine t(i).
-1
Let n(a) = -7*a**2 + 1. Let v be n(1). Let t(r) = -r - 7. Give t(v).
-1
Let x(p) = 2*p + 5 + 3 - 5 + p**2. Suppose u = -h - 7, -5*h - 11 = 2*u - 5*u. Give x(h).
11
Let h(g) = -g**3 - 6*g**2 - 7*g - 7. Let z be h(-5). Let p be 3*(30/9 - z). Let a(k) be the first derivative of 11*k**2/2 - k + 2. What is a(p)?
10
Let j(n) = 32*n**2 - 3 + 2 - 35*n**2 + 5*n - 6*n. Give j(-1).
-3
Let t(h) be the second derivative of h**3/6 + 17*h. Let u = 5 + -11. What is t(u)?
-6
Let j(i) = -7*i. Let r(y) = -9*y. Let u(s) = -5*j(s) + 4*r(s). Calculate u(-8).
8
Let b(o) = -o**2 - 5*o - 1. Let d be b(-4). Let h(w) = w - 7. Give h(d).
-4
Let p = -22 + 25. Let a(q) = 4*q - 2. Give a(p).
10
Let m(c) be the first derivative of c**3/3 - 3*c**2 + 6*c + 13. Let s(q) = -q**3 + 7*q**2 - 6*q + 6. Let f be s(6). What is m(f)?
6
Let r(c) = c**2 - 3*c + 4. Suppose f = -a + 2, 2*a + 3*f - 3 = -0. Let h(l) = 9*l**2 - 2*l**2 - a*l**2 + l + l**3 - 3. Let x be h(-3). Calculate r(x).
4
Let w be 1 + 1 + 1 + -1. Let z(t) = -3 + t**w + 0*t - t + t. Determine z(3).
6
Let r(w) = -w**3 + w**2 + 3*w - 4. Let k(t) = -3*t**3 + 4*t**2 + 10*t - 13. Let x(d) = 2*k(d) - 7*r(d). Calculate x(0).
2
Let y(j) = -j + 4. Let z(w) = -4. Let s(n) = -2*y(n) - 3*z(n). Give s(-3).
-2
Let b(y) = -y**2 + 10*y - 7. Suppose 0 = 2*s + 3*q - 12, -2*s = s + 4*q - 19. Let n be b(s). Let x(l) = 0*l**3 - 3*l**3 + n + 2*l**2 - 3*l + 4*l**3. Give x(-3).
2
Let f(i) = 2*i + 5. Let v(p) = p - 11. Let c be v(7). Calculate f(c).
-3
Let k(v) be the third derivative of -v**4/24 + v**3 - 5*v**2. Give k(5).
1
Let t(f) = -f**2 + 3*f - 2. Suppose 5*j = 4*g + 85, 3*j - 3*g = -5*g + 51. Suppose -2*x - 2 = -2*i - 4, 5*x - j = -i. What is t(i)?
0
Let o(i) = -2. Let f(h) = h + 3. Let d(j) = 5*f(j) + 6*o(j). Give d(-2).
-7
Let t(p) = p**3 + 4*p**2 - 6*p + 5. Let a = 7 - 12. Calculate t(a).
10
Let o(t) be the first derivative of t**2 + 5*t - 6. What is o(-5)?
-5
Let g(x) = -8*x - 8. Let i(p) = 7*p + 7. Let w(f) = 6*g(f) + 7*i(f). Let d = 5 - 0. Suppose -3 = 3*y, -3*y + 19 = -d*k - 2*y. Calculate w(k).
-3
Suppose 4*v + 3*f = 12, 2*v + 2 = -f + 10. Let h(s) = -s**3 + 7*s**2 - 6*s - 8. Determine h(v).
-8
Let a = 0 - -2. Let z = a + 2. Let v(m) = -1 - m + 0 + z + 2. Determine v(-4).
9
Suppose -15 = 4*s - 9*s. Suppose -p - 18 = -4*g - s*p, 1 = -p. Let n(m) = 0*m + 0*m - 2*m**2 - 4*m - 3 + 3*m**2. Calculate n(g).
2
Let w be (-6)/(-4)*(-80)/12. Let d be (-34)/w + (-2)/5. Let y(u) = -3*u + 4. What is y(d)?
-5
Let q be (-1)/(1 - 2/3). Let x(k) = k - 1. Let s(c) = -7*c + 2. Let r(m) = s(m) + 6*x(m). What is r(q)?
-1
Let k(j) = -j - 14. Let o(c) = 3*c + 43. Let a(h) = -7*k(h) - 2*o(h). Give a(-7).
5
Let b(u) be the third derivative of u**2 + 0*u - 7/24*u**4 + 7/6*u**3 + 1/60*u**5 + 0. Determine b(5).
-3
Suppose 4*h - 18 = 2. Let k be 2/10 - (-9)/h. Suppose -8 = -2*v + k*u, 0 = v - 3*u - 7 + 1. Let b(l) = -l**2 + 4*l. Determine b(v).
3
Let l(z) = -6*z**2 - 3*z. Let u(c) = -5*c**2 - 4*c. Let f be (-6)/2 - (8 - 6). Let b(v) = f*u(v) + 4*l(v). Calculate b(-7).
-7
Let u(j) = -2*j. Let q = -79 - -82. What is u(q)?
-6
Let t(n) be the third derivative of -n**7/840 + n**6/90 - n**5/60 + n**4/12 + 2*n**3/3 - 7*n**2. Let s(i) be the first derivative of t(i). Give s(4).
-6
Let l(a) = -7*a**3 + 11*a**2 - 7*a - 25. Let z(t) = -4*t**3 + 5*t**2 - 3*t - 13. Let k(x) = 3*l(x) - 5*z(x). What is k(7)?
-3
Let h(m) = m**3 + 3*m**2 + 3*m + 4. Suppose -5 = c, -o - 21 = 3*o - 3*c. Suppose 4*y - 2*y - 12 = 0. Let z = o + y. Calculate h(z).
-5
Let o(h) = h**2 + 2*h + 1. Suppose -a + 0*a = 0. Let q(u) = u + 2. Let f be q(-4). Let k = f + a. What is o(k)?
1
Let s be 1 + (-10)/(-3 - -1). Suppose -2 = -4*y - s. Let t(k) = -2*k**3 + 2*k**2 + k. Determine t(y).
3
Let s(r) = 3*r**2 + 8*r + 4. Let j(g) = g**2 + 3*g + 1. Let f(d) = -7*j(d) + 2*s(d). Let i = 0 - 4. Calculate f(i).
5
Let r(k) = k**3 + 8*k**2 + 3*k - 1. Let m be (7 - 4)/(1/3). Let q(f) = 4*f**3 + 33*f**2 + 11*f - 5. Let s(x) = m*r(x) - 2*q(x). Give s(-5).
1
Let m = 9 + -9. Let x(c) be the first derivative of -c**3/3 - c**2/2 + 3*c + 2. What is x(m)?
3
Let a(n) = -n**3 + 4*n**2 + 2. Let l be a(4). Suppose -10 + 0 = l*j. Let r(o) = -o**3 - 5*o**2 - 6. What is r(j)?
-6
Let x(f) = 2*f - 1. Suppose -4*c - 5*h = -33, 4*c + 5 = -c + 3*h. Let z(w) = w**2 + w - 2. Let g be z(c). Calculate x(g).
7
Let u(s) = -s**3 - 9*s**2 + 11*s - 15. Let a(n) = n**3 - n**2 + 1. Let r(f) = -2*a(f) - u(f). Determine r(10).
3
Let q(p) = -6*p + 4*p + 1 - p + p. What is q(3)?
-5
Let f(s) = -s**3 + 3*s**2 + 5*s - 2. Suppose -3*h = -0*p - 4*p + 8, 2*p - 22 = -3*h. Suppose 0 = p*u - u - 16. Give f(u).
2
Let m(t) = -t + 6. Suppose 3*j + 2*k - 9 = -2*k, -5*j - 5*k = -20. Let f be (-37)/(-3) - (-2)/(-6). Let o = f - j. Calculate m(o).
1
Let r = -3 + 1. Let c(g) be the third derivative of 0*g + 0 - 1/6*g**3 + 0*g**4 + g**2 + 1/30*g**5. Determine c(r).
7
Let i(d) = -2*d**2 + 6*d - 5. Let f be i(2). Let g(l) = 18*l**2. What is g(f)?
18
Let j(y) be the third derivative of y**5/60 - y**4/24 - y**3/6 - 6*y**2. Give j(-1).
1
Let g(p) = -2*p + 6*p**2 - 1 + 2*p - p. What is g(-1)?
6
Let q(w) = -2 + 4*w + 4*w + 0*w + 4. Give q(-2).
-14
Let r be 33/7 + (-18)/(-63). Let m(v) = 5*v**2 + 11*v - 5. Let i(f) = -6*f**2 - 12*f + 4. Let n(p) = r*m(p) + 4*i(p). Determine n(-8).
-1
Let v(d) = d**2 - 7*d - 5. Let a be v(8). Let t(b) = 4*b - 3*b - a + 0*b + 5*b**2 + b**3. Give t(-3).
12
Suppose -3*z - 3*d = -18, 5*z - 3*d + d = 9. Suppose 3*y - 14 = -p, z*y + 14 = 4*y + 5*p. Let t(n) = y*n + 1 + 2*n - n. Calculate t(-2).
-9
Let z(p) = 4 + 8*p + 9*p - 3 - 12*p. What is z(1)?
6
Let h(t) = -7*t + 1. Let a = -126 + 124. Give h(a).
15
Let c = -8 - -22. Suppose -a = 3*m - c, m + 2*a + 2*a = -10. Let i(j) = -m*j + j - j**2 + 7 + 2*j. What is i(-5)?
-3
Let f(k) = k + 2. Suppose -z - 3*w + 17 = 4*z, 3*w - 13 = -4*z. Suppose 3*q = -4 - 8. Let v = q + z. What is f(v)?
2
Let k = 6 + -6. Let w(c) = 5 - 2*c - 7 + k*c. Give w(-3).
4
Let l(w) be the second derivative of w**5/20 + w**4/6 - w**3/6 - w**2/2 + 4*w. Determine l(-3).
-7
Suppose -2*b = -6*b + 12. Let n(v) be the third derivative of 1/4*v**4 + 0*v - 2/3*v**3 - v**2 + 0 - 1/60*v**5. What is n(b)?
5
Let t(x) = 240*x - 248*x + 11 + 2 - x**2. Calculate t(-9).
4
Let l(v) = v**2 - 3*v + 3. Let n = -5 + 1. Let k be 21/(-12) - (-1)/n. Let x be (1/k)/(2/(-8)). Give l(x).
1
Let f(t) = -t**3 - t**2. Let o(p) = 6*p**3 + 5*p**2 + p - 7. Let z(r) = -5*f(r) - o(r). Give z(0).
7
Let c(y) be the third derivative of y**6/120 + y**5/12 + y**4/12 + y**3 - 5*y**2. Let v(x) = -x**3 - 7*x**2 - 6*x - 5. Let s be v(-6). Give c(s).
-4
Let o(n) be the second derivative of -n**5/20 + 5*n**4/12 + n**3 + 3*n**2 - n. Give o(6).
6
Suppose 4*q - 2*z + 15 = 3, q - 4*z = -17. Let x(u) = -6*u**3 + 3*u**2. Let p(h) = -30*h**3 + 16*h**2. Let d(f) = -3*p(f) + 16*x(f). Determine d(q).
6
Let c(k) = k**3 - 4*k**2 + k + 1. Suppose 3*b + 9 + 12 = 0. Let z = b + 9. Give c(z).
-5
Let i(q) = -3*q + 3. Let h(s) = s**3 - 10*s**2 + s - 10. Let w be h(10). Suppose w = 2*z - 5*x - 26, z + 2*x + 7 = 2. Suppose -19 = -z*k - 7. Calculate i(k).
-9
Let b(h) = -8*h + 3. Let t(y) = -7*y + 2. Let w(c) = -5*b(c) + 6*t(c). What is w(3)?
-9
Suppose 3*c + 3*l - 1 = -4, 0 = 3*c - 4*l - 25. Let u(i) = -2*i**2 + 5*i**2 + 4 - 4*i**2 + i**c. Give u(0).
4
Let n(s) = 5*s**3 + s**3 - 7*s**3. Suppose -5*j = 5*m - 15, -3*j + m = -0 + 3. Give n(j).
0
Suppose -3*n - 2*n - 7 = -3*q, 0 = 4*n + 3*q + 11. Suppose 4*t - 2*k + 4 = 0, t - 3*k - 15 = 2*t. Let u = n - t. Let h(j) = 9*j**3 + 2*j - 1. What is h(u)?
10
Let d(y) = y**3 - 3*y**2 + 3*y - 1. Let o be (-22)/(-11) - (10 + -1). Let q(m) = -m**3 - 8*m**2 - 8*m - 5. Let p be q(o). What is d(p)?
1
Suppose -5*a = -2*w - 38, 5*a + w = 14 + 12. Let h(d) = a*d**2 - d - 1 + 3 - 2*d**2 - d**3. Give h(4).
-2
Let j(t) = -t - 1. Suppose 2*o = 3*o - 10. Let p = o + -10. Determine j(p).
-1
Let q(m) = -3*m**2 - 3*m + 1. Suppose 9 = g - 4*g. Let w be q(g). Let z = 12 + w. Let o(y) = y**3 + 5*y**2 - 5. Give o(z).
-5
Let a(c) = 30*c + 21. Let w(j) = 3*j + 2. Let h(z) = -2*a(z) + 21*w(z). Determine h(-2).
-6